{"id":83,"date":"2020-02-04T22:03:25","date_gmt":"2020-02-04T21:03:25","guid":{"rendered":"http:\/\/goetzelektroservice.net\/?page_id=83"},"modified":"2020-05-06T00:06:27","modified_gmt":"2020-05-05T22:06:27","slug":"impressum","status":"publish","type":"page","link":"https:\/\/goetzelektroservice.net\/?page_id=83","title":{"rendered":"Impressum"},"content":{"rendered":"\n<p>G\u00f6tz Service GmbH<br>Frickenh\u00e4user Str. 5c<br>97340 Segnitz <br><br>Telefon +49 9332 5949638 <br>Fax +49 9332 5939514<br>info@goetzservice.net<br><br>Gesch\u00e4ftsf\u00fchrer: <br>Uwe G\u00f6tz<br>Christian G\u00f6tz<br><br>Steuernummer: 257\/127\/60594 <br>USt-IDNr. DE322156014 <br>Amtsgericht W\u00fcrzburg HRB 14500 <br>Firmensitz: Segnitz <\/p>\n","protected":false},"excerpt":{"rendered":"<p>G\u00f6tz Service GmbHFrickenh\u00e4user Str. 5c97340 Segnitz Telefon +49 9332 5949638 Fax +49 9332 5939514info@goetzservice.net Gesch\u00e4ftsf\u00fchrer: Uwe G\u00f6tzChristian G\u00f6tz Steuernummer: 257\/127\/60594 USt-IDNr. DE322156014 Amtsgericht W\u00fcrzburg HRB 14500 Firmensitz: Segnitz<\/p>\n","protected":false},"author":1,"featured_media":0,"parent":0,"menu_order":0,"comment_status":"closed","ping_status":"closed","template":"","meta":{"footnotes":""},"aioseo_notices":[],"_links":{"self":[{"href":"https:\/\/goetzelektroservice.net\/index.php?rest_route=\/wp\/v2\/pages\/83"}],"collection":[{"href":"https:\/\/goetzelektroservice.net\/index.php?rest_route=\/wp\/v2\/pages"}],"about":[{"href":"https:\/\/goetzelektroservice.net\/index.php?rest_route=\/wp\/v2\/types\/page"}],"author":[{"embeddable":true,"href":"https:\/\/goetzelektroservice.net\/index.php?rest_route=\/wp\/v2\/users\/1"}],"replies":[{"embeddable":true,"href":"https:\/\/goetzelektroservice.net\/index.php?rest_route=%2Fwp%2Fv2%2Fcomments&post=83"}],"version-history":[{"count":3,"href":"https:\/\/goetzelektroservice.net\/index.php?rest_route=\/wp\/v2\/pages\/83\/revisions"}],"predecessor-version":[{"id":359,"href":"https:\/\/goetzelektroservice.net\/index.php?rest_route=\/wp\/v2\/pages\/83\/revisions\/359"}],"wp:attachment":[{"href":"https:\/\/goetzelektroservice.net\/index.php?rest_route=%2Fwp%2Fv2%2Fmedia&parent=83"}],"curies":[{"name":"wp","href":"https:\/\/api.w.org\/{rel}","templated":true}]}}